{"id":16,"date":"2020-07-31T08:52:26","date_gmt":"2020-07-31T08:52:26","guid":{"rendered":"http:\/\/www.transcendentalexperience.net\/index.php\/text\/antecedentesdelosinvestigadores\/"},"modified":"2020-07-31T09:29:46","modified_gmt":"2020-07-31T09:29:46","slug":"antecedentesdelosinvestigadores","status":"publish","type":"page","link":"http:\/\/www.transcendentalexperience.net\/index.php\/la-experiencia-trascendental\/anexos\/antecedentesdelosinvestigadores\/","title":{"rendered":"Antecedentes de los investigadores"},"content":{"rendered":"<div>\n<p class=\"Normal-parrafo-inicial\"><span class=\"char-style-override-20\"><span style=\"font-weight: bold;\">Michel Darracq<\/span>.<\/span> 72 a\u00f1os, parisino, casado, 2 hijas. Ingeniero consultor en sistemas de inform\u00e1tica y telecomunicaciones. En el Centre d\u2019Etudes Humanistes de Par\u00eds, impulsa los seminarios sobre el M\u00e9todo Estructural Din\u00e1mico. Miembro de Escuela, realiza un trabajo evolutivo en la l\u00ednea del desarrollo de la Fuerza interna. En ese contexto, profundiza con experiencias en CSS a partir del 2018.<\/p>\n<p class=\"Normal-parrafo-inicial\">Correo: darracq.michel@gmail.com<\/p>\n<p class=\"Normal-parrafo-inicial\"><span class=\"char-style-override-20\"><span style=\"font-weight: bold;\">Fulvio Faro<\/span>.<\/span> 52 a\u00f1os, nacido en Roma, es operador en Salud. Desde 1988 participa en el Movimiento Humanista en Italia, Paraguay, Argentina, Senegal, Gambia. Desde el 2010 forma parte de la Escuela y experimenta con la CSS desde el 2015, junto a otros.<\/p>\n<p class=\"Normal-parrafo-inicial\">Correo: fulviofaro@gmail.com<\/p>\n<p class=\"Normal-parrafo-inicial\"><span class=\"char-style-override-20\"><span style=\"font-weight: bold;\">Jos\u00e9 Gabriel Feres<\/span>.<\/span> 73 a\u00f1os, casado, dos hijos, silo\u00edsta desde sus a\u00f1os de juventud, promotor de grupos del Movimiento Humanista en varios pa\u00edses, fundador y activo militante del Partido Humanista chileno, pone en marcha y mantiene Virtual Ediciones, editorial que publica y difunde producciones de la corriente de pensamiento del Humanismo Universalista. Autor de la monograf\u00eda \u201cEstudio sobre La Oraci\u00f3n del Coraz\u00f3n, un procedimiento de acceso a Lo Profundo\u201d (2010, Parque de Estudio y Reflexi\u00f3n Punta de Vacas), trabaja la Ascesis en CSS a partir de 2015 con diferentes grupos de maestros de Escuela.<\/p>\n<p class=\"Normal-parrafo-inicial\">Correo: pepeferes@gmail.com<\/p>\n<p class=\"Normal-parrafo-inicial\"><span class=\"char-style-override-20\"><span style=\"font-weight: bold;\">P\u00eda Figueroa<\/span>.<\/span> 66 a\u00f1os, casada, dos hijos, es silo\u00edsta desde los 15 y su vida ha seguido los vaivenes del desarrollo de esta ense\u00f1anza por los distintos continentes. Radicada en Chile, asumi\u00f3 funciones pol\u00edticas en la d\u00e9cada de los noventa. Actualmente da impulso a varios proyectos entre los que destaca la agencia internacional de noticias Pressenza. Sus publicaciones comprenden el libro \u201cEl Gu\u00eda Interno \u2013 testimonios\u201d (Edicil 1982 \/ Multiimage 2006), \u201cSilo, el Maestro de nuestro tiempo\u201d (publicado en Espa\u00f1ol, Ingl\u00e9s, Italiano, Franc\u00e9s, Portugu\u00e9s y Ruso por diferentes editoriales desde 2013 a 2018) y las monograf\u00edas \u201cInvestigaci\u00f3n Sue\u00f1os\u201d (2007\/2008), \u201cReferencias a los estados de conciencia inspirada en Plat\u00f3n\u201d (2010) y \u201cEstudio sobre Fidias, el ejemplo del escultor\u201d (2010), del Parque de Estudio y Reflexi\u00f3n Punta de Vacas. En 1975 realiza 3 pr\u00e1cticas de supresi\u00f3n sensorial monitoreadas por Silo en el contexto de las investigaciones de Corf\u00fa, retomando estas experiencias a partir de 2014 con varios diferentes grupos formados entre miembros de Escuela.<\/p>\n<p class=\"Normal-parrafo-inicial\">Correo: figueroa.tempo@gmail.com<\/p>\n<p class=\"Normal-parrafo-inicial\"><span class=\"char-style-override-20\"><span style=\"font-weight: bold;\">Gonzalo Garc\u00eda-Huidobro<\/span>.<\/span> 74 a\u00f1os, casado, dos hijos, arquitecto, fue agregado cultural de Chile en Rusia 1990-1994, profesor en la Universidad de Londres, en la Universidad Cat\u00f3lica de Chile, en UNNIAC. Autor de los libros \u201cOtras Miradas, Otras Realidades\u201d (2015), y \u201cRelatos del Fuego, los Cambios Humanos Profundos\u201d (2020). Siempre interesado en la arquitectura de la mente, deriv\u00f3 en la experimentaci\u00f3n y estudio de la conciencia a partir de la supresi\u00f3n sensorial en C\u00e1mara de Silencio, primero en 1975, retomando desde el 2016. Director de OKKO, Centro de Estudios, Fundaci\u00f3n. Correo: gonzalogh@dac.cl<\/p>\n<p class=\"Normal-parrafo-inicial\"><span class=\"char-style-override-20\"><span style=\"font-weight: bold;\">Bruno Jerardino<\/span>.<\/span> 57 a\u00f1os, silo\u00edsta desde los 20. Sus intereses dicen relaci\u00f3n con la Filosof\u00eda de las Ciencias, la transformaci\u00f3n personal y social simult\u00e1nea y la exploraci\u00f3n de la experiencia humana. Contribuye a la formaci\u00f3n del Partido Humanista desde 1984 y es electo, en 1986, Secretario General de la Federaci\u00f3n de Estudiantes de la Universidad de Chile (FECh). Ingeniero Inform\u00e1tico, tiene un Mag\u00edster en Ciencias de la Ingenier\u00eda, actualmente acad\u00e9mico en la Universidad de Santiago de Chile y co-fundador de la Escuela de Pensamiento y Dise\u00f1o Sist\u00e9mico ELAPDIS. Participa en la investigaci\u00f3n sobre experiencias en CSS desde 2016.<\/p>\n<p class=\"Normal-parrafo-inicial\">Correo: bruno.jerardino@gmail.com<\/p>\n<p class=\"Normal-parrafo-inicial\"><span class=\"char-style-override-20\"><span style=\"font-weight: bold;\">Antonio Menendez<\/span>.<\/span> 70 a\u00f1os, Madrid, casado con dos hijos. Programador inform\u00e1tico, instructor de vuelo, profesor de Qi Gong, taxista. Interesado desde muy joven en las distintas tradiciones espirituales, profundiz\u00f3 en el budismo y taoismo. Participa en el Movimiento Humanista desde 1970 y es miembro de Escuela. Trabaja con experiencias de supresi\u00f3n sensorial desde el 2016 y apoya la organizaci\u00f3n de nuevos retiros en Espa\u00f1a, con el prop\u00f3sito de facilitar el acceso a la experiencia m\u00edstica al mayor n\u00famero de personas.<\/p>\n<p class=\"Normal-parrafo-inicial\">Correo: ant.menendez@gmail.com<\/p>\n<p class=\"Normal-parrafo-inicial\"><span class=\"char-style-override-20\"><span style=\"font-weight: bold;\">Natsuko Ohta<\/span>.<\/span> 66 a\u00f1os, naci\u00f3 en Jap\u00f3n, casada. Dos hijos. Dej\u00f3 su pa\u00eds natal a los 15 y vivi\u00f3 en diversos pa\u00edses hasta fijar su residencia en Madrid. Practic\u00f3 Yoga, la Ceremonia del T\u00e9 y practica Qi Gong y Taiji Quan y su pr\u00e1ctica de quietud y silencio. Conoci\u00f3 el Siloismo en 1979 y actualmente es miembro de Escuela. Participa en El Mensaje de Silo. Desde 2016 realiza pr\u00e1cticas de trabajo con supresi\u00f3n sensorial ayudando a impulsar esta herramienta para el trabajo de Ascesis en Espa\u00f1a. Correo: natsukohta@gmail.com<\/p>\n<p class=\"Normal-parrafo-inicial\"><span class=\"char-style-override-20\"><span style=\"font-weight: bold;\">Flavio Onetto<\/span>.<\/span> 64 a\u00f1os, chileno, casado, una hija, arquitecto. Silo\u00edsta, Maestro de Escuela, fundador y activista del Partido Humanista. Particip\u00f3 en el equipo, guiado por Silo, que dise\u00f1\u00f3 la Sala original y dem\u00e1s elementos de los Parques de Estudio y Reflexi\u00f3n, siendo parte a su vez del equipo que construy\u00f3 el Parque hist\u00f3rico de Punta de Vacas (Argentina). Incursiona en la Ascesis con apoyo de supresi\u00f3n sensorial desde el 2015.<\/p>\n<p class=\"Normal-parrafo-inicial\">Correo: flavio.onetto@gmail.com.<\/p>\n<p class=\"Normal-parrafo-inicial\"><span class=\"char-style-override-20\"><span style=\"font-weight: bold;\">Federico Palumbo<\/span>.<\/span> 45 a\u00f1os, casado, un hijo, naci\u00f3 y vive en Roma, Italia, dedicado a la producci\u00f3n audiovisual. Dirigi\u00f3 el documental \u201cAlgo est\u00e1 cambiando\u201d (2011) y los film fiction \u201cExperiencia Cumbre\u201d y \u201cCuentos para el coraz\u00f3n y la mente\u201d (2020). Puso en marcha y participa del Observatorio de Derechos Humanos en Roma. Sus publicaciones comprenden las monograf\u00edas \u201cLa inspiraci\u00f3n en el Surrealismo\u201d (2010, corregida el 2012); \u201cAscesis y C\u00e1mara de Silencio\u201d (2014); \u201cProcedimientos en C\u00e1mara de Silencio\u201d (2016) del Parque de Estudio y Reflexi\u00f3n Punta de Vacas. En base a las indicaciones de Silo y los materiales que le suministrara con res\u00famenes de experimentaciones realizadas en Mendoza desde 1974, comienza a investigar y luego desarrolla los encuadres y la metodolog\u00eda que logran sistematizar un procedimiento para el trabajo de la Ascesis en C\u00e1mara de Supresi\u00f3n Sensorial a partir del 2010. Desde entonces, avanza en la pr\u00e1ctica mejorando continuamente las instalaciones y procedimientos de trabajo, en conjunto con grupos de Escuela ubicados en diferentes lugares de Europa y Sudam\u00e9rica.<\/p>\n<p class=\"Normal-parrafo-inicial\">Correo: fedepalu2@gmail.com<\/p>\n<p class=\"Normal-parrafo-inicial\"><span class=\"char-style-override-20\"><span style=\"font-weight: bold;\">Quim de Riba<\/span>.<\/span> 56 a\u00f1os, naci\u00f3 en Barcelona y all\u00ed vive. Investigador sobre el tema de la trascendencia, participa de El Mensaje de Silo aportando registros de bienestar a quienes lo necesitan y asistiendo a moribundos. Sus investigaciones le llevaron a experimentar en la C\u00e1mara de Supresi\u00f3n Sensorial, encontrando evidencia sobre la trascendencia corroboradas con las experiencias en la Disciplina Energ\u00e9tica.<\/p>\n<p class=\"Normal-parrafo-inicial\">Correo: quimderiba@gmail.com<\/p>\n<\/div>\n","protected":false},"excerpt":{"rendered":"<p>Michel Darracq. 72 a\u00f1os, parisino, casado, 2 hijas. Ingeniero consultor en sistemas de inform\u00e1tica y telecomunicaciones. En el Centre d\u2019Etudes Humanistes de Par\u00eds, impulsa los seminarios sobre el M\u00e9todo Estructural Din\u00e1mico. Miembro de Escuela, realiza un trabajo evolutivo en la l\u00ednea del desarrollo de la Fuerza interna. En ese contexto, profundiza con experiencias en CSS &hellip; <a href=\"http:\/\/www.transcendentalexperience.net\/index.php\/la-experiencia-trascendental\/anexos\/antecedentesdelosinvestigadores\/\" class=\"more-link\">Continue reading<span class=\"screen-reader-text\"> &#8220;Antecedentes de los investigadores&#8221;<\/span><\/a><\/p>\n","protected":false},"author":1,"featured_media":0,"parent":14,"menu_order":24,"comment_status":"closed","ping_status":"closed","template":"","meta":{"footnotes":""},"class_list":["post-16","page","type-page","status-publish","hentry"],"_links":{"self":[{"href":"http:\/\/www.transcendentalexperience.net\/index.php\/wp-json\/wp\/v2\/pages\/16","targetHints":{"allow":["GET"]}}],"collection":[{"href":"http:\/\/www.transcendentalexperience.net\/index.php\/wp-json\/wp\/v2\/pages"}],"about":[{"href":"http:\/\/www.transcendentalexperience.net\/index.php\/wp-json\/wp\/v2\/types\/page"}],"author":[{"embeddable":true,"href":"http:\/\/www.transcendentalexperience.net\/index.php\/wp-json\/wp\/v2\/users\/1"}],"replies":[{"embeddable":true,"href":"http:\/\/www.transcendentalexperience.net\/index.php\/wp-json\/wp\/v2\/comments?post=16"}],"version-history":[{"count":3,"href":"http:\/\/www.transcendentalexperience.net\/index.php\/wp-json\/wp\/v2\/pages\/16\/revisions"}],"predecessor-version":[{"id":110,"href":"http:\/\/www.transcendentalexperience.net\/index.php\/wp-json\/wp\/v2\/pages\/16\/revisions\/110"}],"up":[{"embeddable":true,"href":"http:\/\/www.transcendentalexperience.net\/index.php\/wp-json\/wp\/v2\/pages\/14"}],"wp:attachment":[{"href":"http:\/\/www.transcendentalexperience.net\/index.php\/wp-json\/wp\/v2\/media?parent=16"}],"curies":[{"name":"wp","href":"https:\/\/api.w.org\/{rel}","templated":true}]}}