{"id":24,"date":"2020-07-31T08:52:25","date_gmt":"2020-07-31T08:52:25","guid":{"rendered":"http:\/\/www.transcendentalexperience.net\/index.php\/text\/comentariofinal\/"},"modified":"2020-07-31T09:28:09","modified_gmt":"2020-07-31T09:28:09","slug":"comentariofinal","status":"publish","type":"page","link":"http:\/\/www.transcendentalexperience.net\/index.php\/la-experiencia-trascendental\/comentariofinal\/","title":{"rendered":"Comentario final"},"content":{"rendered":"<p><span style=\"font-size: inherit;\">En esta publicaci\u00f3n buscamos sistematizar y transmitir la experiencia interna m\u00e1s extraordinaria que hemos llegado a tener y compartir entre quienes, resueltos a experimentar en el camino de nuestras b\u00fasquedas, hemos hecho pie en las posibilidades que ofrece una C\u00e1mara de Supresi\u00f3n Sensorial para facilitar el acceso a ese espacio que Silo llama \u201cLo Profundo\u201d.<\/span><\/p>\n<div>\n<p>Para ello, ofrecemos los antecedentes de estas pr\u00e1cticas, as\u00ed como los encuadres te\u00f3ricos que las fundamentan, al tiempo que describimos la metodolog\u00eda de trabajo grupal con que las encaramos.<\/p>\n<p>Posteriormente presentamos algunas dificultades que detectamos, como tambi\u00e9n los trucos en los que nos apoyamos para sortear los impedimentos y lograr el estado interno adecuado para la suspensi\u00f3n y posterior supresi\u00f3n del Yo, que nos habilitara la entrada a regiones para nosotros hasta entonces inexploradas.<\/p>\n<p>Damos igualmente testimonio del camino recorrido y de los pelda\u00f1os comunes de registros, rescatados gracias a las reminiscencias que acerc\u00f3 la reiteraci\u00f3n.<\/p>\n<p>Incluimos aqu\u00ed las instrucciones y gr\u00e1ficas que permiten construir de manera relativamente simple y con un bajo costo, una C\u00e1mara de Supresi\u00f3n Sensorial, de f\u00e1cil operaci\u00f3n, que junto a la metodolog\u00eda propuesta, puede ayudar a ampliar las posibilidades a aquellos que, al igual que nosotros, aspiran a acceder a L<span class=\"char-style-override-13\">a Experiencia Trascendental.<\/span><\/p>\n<p>Estas son \u00e9pocas en que los desaf\u00edos que impone el momento hist\u00f3rico requieren de respuestas inspiradas y bien valen la pena entonces estos intentos de acelerar y profundizar esos procesos que abrevan en los mejores estados de la Mente.<\/p>\n<p>Al hacerlo, en nuestro caso, no solamente avanzamos al encuentro de nuestras mejores experiencias, sino que verificamos tambi\u00e9n aquello que Silo nos adelanta en su escrito de La Mirada Interna: <span class=\"char-style-override-13\">\u201ca la revelaci\u00f3n interior llega todo aquel que cuidadosamente medita en humilde b\u00fasqueda\u201d<\/span>.<\/p>\n<\/div>\n","protected":false},"excerpt":{"rendered":"<p>En esta publicaci\u00f3n buscamos sistematizar y transmitir la experiencia interna m\u00e1s extraordinaria que hemos llegado a tener y compartir entre quienes, resueltos a experimentar en el camino de nuestras b\u00fasquedas, hemos hecho pie en las posibilidades que ofrece una C\u00e1mara de Supresi\u00f3n Sensorial para facilitar el acceso a ese espacio que Silo llama \u201cLo Profundo\u201d. &hellip; <a href=\"http:\/\/www.transcendentalexperience.net\/index.php\/la-experiencia-trascendental\/comentariofinal\/\" class=\"more-link\">Continue reading<span class=\"screen-reader-text\"> &#8220;Comentario final&#8221;<\/span><\/a><\/p>\n","protected":false},"author":1,"featured_media":0,"parent":6,"menu_order":19,"comment_status":"closed","ping_status":"closed","template":"","meta":{"footnotes":""},"class_list":["post-24","page","type-page","status-publish","hentry"],"_links":{"self":[{"href":"http:\/\/www.transcendentalexperience.net\/index.php\/wp-json\/wp\/v2\/pages\/24","targetHints":{"allow":["GET"]}}],"collection":[{"href":"http:\/\/www.transcendentalexperience.net\/index.php\/wp-json\/wp\/v2\/pages"}],"about":[{"href":"http:\/\/www.transcendentalexperience.net\/index.php\/wp-json\/wp\/v2\/types\/page"}],"author":[{"embeddable":true,"href":"http:\/\/www.transcendentalexperience.net\/index.php\/wp-json\/wp\/v2\/users\/1"}],"replies":[{"embeddable":true,"href":"http:\/\/www.transcendentalexperience.net\/index.php\/wp-json\/wp\/v2\/comments?post=24"}],"version-history":[{"count":3,"href":"http:\/\/www.transcendentalexperience.net\/index.php\/wp-json\/wp\/v2\/pages\/24\/revisions"}],"predecessor-version":[{"id":114,"href":"http:\/\/www.transcendentalexperience.net\/index.php\/wp-json\/wp\/v2\/pages\/24\/revisions\/114"}],"up":[{"embeddable":true,"href":"http:\/\/www.transcendentalexperience.net\/index.php\/wp-json\/wp\/v2\/pages\/6"}],"wp:attachment":[{"href":"http:\/\/www.transcendentalexperience.net\/index.php\/wp-json\/wp\/v2\/media?parent=24"}],"curies":[{"name":"wp","href":"https:\/\/api.w.org\/{rel}","templated":true}]}}